{"id":1098,"date":"2021-02-09T14:02:35","date_gmt":"2021-02-09T14:02:35","guid":{"rendered":"http:\/\/braumanufaktur.tu-dortmund.de\/?page_id=1098"},"modified":"2021-02-27T19:50:08","modified_gmt":"2021-02-27T19:50:08","slug":"golden-punch-3","status":"publish","type":"page","link":"https:\/\/braumanufaktur.tu-dortmund.de\/?page_id=1098","title":{"rendered":"Golden Punch"},"content":{"rendered":"\t\t<div data-elementor-type=\"wp-post\" data-elementor-id=\"1098\" class=\"elementor elementor-1098 elementor-bc-flex-widget\">\n\t\t\t\t\t\t<section class=\"elementor-section elementor-top-section elementor-element elementor-element-69a2a358 elementor-section-boxed elementor-section-height-default elementor-section-height-default\" data-id=\"69a2a358\" data-element_type=\"section\" data-e-type=\"section\">\n\t\t\t\t\t\t<div class=\"elementor-container elementor-column-gap-default\">\n\t\t\t\t\t<div class=\"elementor-column elementor-col-100 elementor-top-column elementor-element elementor-element-5d552ec4\" data-id=\"5d552ec4\" data-element_type=\"column\" data-e-type=\"column\">\n\t\t\t<div class=\"elementor-widget-wrap elementor-element-populated\">\n\t\t\t\t\t\t<div class=\"elementor-element elementor-element-62a935c3 elementor-widget elementor-widget-text-editor\" data-id=\"62a935c3\" data-element_type=\"widget\" data-e-type=\"widget\" data-widget_type=\"text-editor.default\">\n\t\t\t\t<div class=\"elementor-widget-container\">\n\t\t\t\t\t\t\t\t\t\n<p>&nbsp;<\/p>\n<p><img fetchpriority=\"high\" decoding=\"async\" fetchpriority=\"high\" class=\"wp-image-324 aligncenter\" src=\"https:\/\/braumanufaktur.tu-dortmund.de\/wp-content\/uploads\/2020\/12\/GP24.12.20.png\" alt=\"\" width=\"498\" height=\"448\" \/><\/p>\n<p>&nbsp;<\/p>\n<p style=\"text-align: justify\">Golden Punch \u2013 das Bier f\u00fcr taffe Frauen und echte M\u00e4nner. Der herbe Geschmack des Bieres, der von einer leicht fruchtigen Note begleitet wird, sorgt f\u00fcr den richtigen Punch &#8211; zum Beispiel zu einem guten Burger oder Spare-Ribs vom Grill.<br \/>\nDas India Pale Ale der besonderen Art hebt sich durch seinen intensiven Charakter ab und ist genau das richtige Bier f\u00fcr alle, die Lust auf etwas Neues haben. Die namensgebende goldene Farbe entsteht durch das verwendete Malz. Dieses stammt zu 100 % aus biologischem Anbau in Deutschland. Zum Brauen wird ausschlie\u00dflich echtes Dortmunder Wasser verwendet und der Hopfen wird f\u00fcr jeden Brauprozess handbonitiert. Au\u00dferdem wird jeder Brauschritt dreifach \u00fcberpr\u00fcft und die wichtigen Prozessschritte werden von unseren Braumeistern manuell durchgef\u00fchrt. So gew\u00e4hrleisten wir, das Beste aus jeder Zutat herauszuholen.<br \/>\nAlso worauf wartest Du noch? Schmei\u00df den Grill an und \u00f6ffne Dir eine k\u00fchle Flasche Golden Punch. Getreu dem Firmenmotto: \u201eLet\u2018s get ready to drink!\u201c<\/p>\n<p>Durch die sehr gut ausgew\u00e4hlte Hopfendosierung hat das Golden Punch den internen Wettbewerb 2020 gewonnen. <\/p>\n<p>Biertyp: White India Pale Ale<br \/>\nAlkoholgehalt: 5,3 vol.-%<br \/>\nBitterkeit: 60 IBU<br \/>\nFarbe: 12 EBC<\/p>\n\n\t\t\t\t\t\t\t\t<\/div>\n\t\t\t\t<\/div>\n\t\t\t\t\t<\/div>\n\t\t<\/div>\n\t\t\t\t\t<\/div>\n\t\t<\/section>\n\t\t\t\t<section class=\"elementor-section elementor-top-section elementor-element elementor-element-7c3a658 elementor-section-boxed elementor-section-height-default elementor-section-height-default\" data-id=\"7c3a658\" data-element_type=\"section\" data-e-type=\"section\">\n\t\t\t\t\t\t<div class=\"elementor-container elementor-column-gap-default\">\n\t\t\t\t\t<div class=\"elementor-column elementor-col-100 elementor-top-column elementor-element elementor-element-206096b\" data-id=\"206096b\" data-element_type=\"column\" data-e-type=\"column\">\n\t\t\t<div class=\"elementor-widget-wrap elementor-element-populated\">\n\t\t\t\t\t\t<div class=\"elementor-element elementor-element-e210fe6 elementor-widget elementor-widget-image-gallery\" data-id=\"e210fe6\" data-element_type=\"widget\" data-e-type=\"widget\" data-widget_type=\"image-gallery.default\">\n\t\t\t\t<div class=\"elementor-widget-container\">\n\t\t\t\t\t\t\t<div class=\"elementor-image-gallery\">\n\t\t\t\n\t\t<style type=\"text\/css\">\n\t\t\t#gallery-1 {\n\t\t\t\tmargin: auto;\n\t\t\t}\n\t\t\t#gallery-1 .gallery-item {\n\t\t\t\tfloat: left;\n\t\t\t\tmargin-top: 10px;\n\t\t\t\ttext-align: center;\n\t\t\t\twidth: 50%;\n\t\t\t}\n\t\t\t#gallery-1 img {\n\t\t\t\tborder: 2px solid #cfcfcf;\n\t\t\t}\n\t\t\t#gallery-1 .gallery-caption {\n\t\t\t\tmargin-left: 0;\n\t\t\t}\n\t\t\t\/* see gallery_shortcode() in wp-includes\/media.php *\/\n\t\t<\/style>\n\t\t<div id='gallery-1' class='gallery galleryid-1098 gallery-columns-2 gallery-size-medium'><dl class='gallery-item'>\n\t\t\t<dt class='gallery-icon portrait'>\n\t\t\t\t<a data-elementor-open-lightbox=\"yes\" data-elementor-lightbox-slideshow=\"e210fe6\" data-elementor-lightbox-title=\"IMG_20210212_152124\" data-e-action-hash=\"#elementor-action%3Aaction%3Dlightbox%26settings%3DeyJpZCI6MTEyOSwidXJsIjoiaHR0cHM6XC9cL2JyYXVtYW51ZmFrdHVyLnR1LWRvcnRtdW5kLmRlXC93cC1jb250ZW50XC91cGxvYWRzXC8yMDIxXC8wMlwvSU1HXzIwMjEwMjEyXzE1MjEyNC1zY2FsZWQuanBnIiwic2xpZGVzaG93IjoiZTIxMGZlNiJ9\" href='https:\/\/braumanufaktur.tu-dortmund.de\/wp-content\/uploads\/2021\/02\/IMG_20210212_152124-scaled.jpg'><img decoding=\"async\" width=\"225\" height=\"300\" src=\"https:\/\/braumanufaktur.tu-dortmund.de\/wp-content\/uploads\/2021\/02\/IMG_20210212_152124-225x300.jpg\" class=\"attachment-medium size-medium\" alt=\"\" srcset=\"https:\/\/braumanufaktur.tu-dortmund.de\/wp-content\/uploads\/2021\/02\/IMG_20210212_152124-225x300.jpg 225w, https:\/\/braumanufaktur.tu-dortmund.de\/wp-content\/uploads\/2021\/02\/IMG_20210212_152124-768x1024.jpg 768w, https:\/\/braumanufaktur.tu-dortmund.de\/wp-content\/uploads\/2021\/02\/IMG_20210212_152124-1152x1536.jpg 1152w, https:\/\/braumanufaktur.tu-dortmund.de\/wp-content\/uploads\/2021\/02\/IMG_20210212_152124-1536x2048.jpg 1536w, https:\/\/braumanufaktur.tu-dortmund.de\/wp-content\/uploads\/2021\/02\/IMG_20210212_152124-1240x1653.jpg 1240w, https:\/\/braumanufaktur.tu-dortmund.de\/wp-content\/uploads\/2021\/02\/IMG_20210212_152124-508x677.jpg 508w, https:\/\/braumanufaktur.tu-dortmund.de\/wp-content\/uploads\/2021\/02\/IMG_20210212_152124-scaled.jpg 1920w\" sizes=\"(max-width: 225px) 100vw, 225px\" \/><\/a>\n\t\t\t<\/dt><\/dl><dl class='gallery-item'>\n\t\t\t<dt class='gallery-icon landscape'>\n\t\t\t\t<a data-elementor-open-lightbox=\"yes\" data-elementor-lightbox-slideshow=\"e210fe6\" data-elementor-lightbox-title=\"Zurechtgeschnitten Golden Punch\" data-e-action-hash=\"#elementor-action%3Aaction%3Dlightbox%26settings%3DeyJpZCI6MTE0MCwidXJsIjoiaHR0cHM6XC9cL2JyYXVtYW51ZmFrdHVyLnR1LWRvcnRtdW5kLmRlXC93cC1jb250ZW50XC91cGxvYWRzXC8yMDIxXC8wMlwvWnVyZWNodGdlc2Nobml0dGVuLUdvbGRlbi1QdW5jaC5qcGVnIiwic2xpZGVzaG93IjoiZTIxMGZlNiJ9\" href='https:\/\/braumanufaktur.tu-dortmund.de\/wp-content\/uploads\/2021\/02\/Zurechtgeschnitten-Golden-Punch.jpeg'><img decoding=\"async\" width=\"300\" height=\"147\" src=\"https:\/\/braumanufaktur.tu-dortmund.de\/wp-content\/uploads\/2021\/02\/Zurechtgeschnitten-Golden-Punch-300x147.jpeg\" class=\"attachment-medium size-medium\" alt=\"\" srcset=\"https:\/\/braumanufaktur.tu-dortmund.de\/wp-content\/uploads\/2021\/02\/Zurechtgeschnitten-Golden-Punch-300x147.jpeg 300w, https:\/\/braumanufaktur.tu-dortmund.de\/wp-content\/uploads\/2021\/02\/Zurechtgeschnitten-Golden-Punch-1024x501.jpeg 1024w, https:\/\/braumanufaktur.tu-dortmund.de\/wp-content\/uploads\/2021\/02\/Zurechtgeschnitten-Golden-Punch-768x376.jpeg 768w, https:\/\/braumanufaktur.tu-dortmund.de\/wp-content\/uploads\/2021\/02\/Zurechtgeschnitten-Golden-Punch-1536x752.jpeg 1536w, https:\/\/braumanufaktur.tu-dortmund.de\/wp-content\/uploads\/2021\/02\/Zurechtgeschnitten-Golden-Punch-1240x607.jpeg 1240w, https:\/\/braumanufaktur.tu-dortmund.de\/wp-content\/uploads\/2021\/02\/Zurechtgeschnitten-Golden-Punch-508x249.jpeg 508w, https:\/\/braumanufaktur.tu-dortmund.de\/wp-content\/uploads\/2021\/02\/Zurechtgeschnitten-Golden-Punch.jpeg 1593w\" sizes=\"(max-width: 300px) 100vw, 300px\" \/><\/a>\n\t\t\t<\/dt><\/dl><br style=\"clear: both\" \/>\n\t\t<\/div>\n\t\t<\/div>\n\t\t\t\t\t\t<\/div>\n\t\t\t\t<\/div>\n\t\t\t\t\t<\/div>\n\t\t<\/div>\n\t\t\t\t\t<\/div>\n\t\t<\/section>\n\t\t\t\t<\/div>\n\t\t","protected":false},"excerpt":{"rendered":"","protected":false},"author":1,"featured_media":0,"parent":911,"menu_order":0,"comment_status":"closed","ping_status":"closed","template":"","meta":{"_acf_changed":false,"footnotes":""},"class_list":["post-1098","page","type-page","status-publish","hentry"],"acf":[],"_links":{"self":[{"href":"https:\/\/braumanufaktur.tu-dortmund.de\/index.php?rest_route=\/wp\/v2\/pages\/1098","targetHints":{"allow":["GET"]}}],"collection":[{"href":"https:\/\/braumanufaktur.tu-dortmund.de\/index.php?rest_route=\/wp\/v2\/pages"}],"about":[{"href":"https:\/\/braumanufaktur.tu-dortmund.de\/index.php?rest_route=\/wp\/v2\/types\/page"}],"author":[{"embeddable":true,"href":"https:\/\/braumanufaktur.tu-dortmund.de\/index.php?rest_route=\/wp\/v2\/users\/1"}],"replies":[{"embeddable":true,"href":"https:\/\/braumanufaktur.tu-dortmund.de\/index.php?rest_route=%2Fwp%2Fv2%2Fcomments&post=1098"}],"version-history":[{"count":13,"href":"https:\/\/braumanufaktur.tu-dortmund.de\/index.php?rest_route=\/wp\/v2\/pages\/1098\/revisions"}],"predecessor-version":[{"id":1143,"href":"https:\/\/braumanufaktur.tu-dortmund.de\/index.php?rest_route=\/wp\/v2\/pages\/1098\/revisions\/1143"}],"up":[{"embeddable":true,"href":"https:\/\/braumanufaktur.tu-dortmund.de\/index.php?rest_route=\/wp\/v2\/pages\/911"}],"wp:attachment":[{"href":"https:\/\/braumanufaktur.tu-dortmund.de\/index.php?rest_route=%2Fwp%2Fv2%2Fmedia&parent=1098"}],"curies":[{"name":"wp","href":"https:\/\/api.w.org\/{rel}","templated":true}]}}