{"id":283,"date":"2018-10-30T14:42:22","date_gmt":"2018-10-30T14:42:22","guid":{"rendered":"http:\/\/braumanufaktur.tu-dortmund.de\/?page_id=283"},"modified":"2018-12-05T19:38:15","modified_gmt":"2018-12-05T19:38:15","slug":"bier-3-2018","status":"publish","type":"page","link":"https:\/\/braumanufaktur.tu-dortmund.de\/?page_id=283","title":{"rendered":"Tremonia Tradition"},"content":{"rendered":"\t\t<div data-elementor-type=\"wp-post\" data-elementor-id=\"283\" class=\"elementor elementor-283 elementor-bc-flex-widget\">\n\t\t\t\t\t\t<section class=\"elementor-section elementor-top-section elementor-element elementor-element-0ea7029 elementor-section-boxed elementor-section-height-default elementor-section-height-default\" data-id=\"0ea7029\" data-element_type=\"section\" data-e-type=\"section\">\n\t\t\t\t\t\t<div class=\"elementor-container elementor-column-gap-default\">\n\t\t\t\t\t<div class=\"elementor-column elementor-col-100 elementor-top-column elementor-element elementor-element-d11ea10\" data-id=\"d11ea10\" data-element_type=\"column\" data-e-type=\"column\">\n\t\t\t<div class=\"elementor-widget-wrap elementor-element-populated\">\n\t\t\t\t\t\t<div class=\"elementor-element elementor-element-0cda1bc elementor-widget elementor-widget-shortcode\" data-id=\"0cda1bc\" data-element_type=\"widget\" data-e-type=\"widget\" data-widget_type=\"shortcode.default\">\n\t\t\t\t<div class=\"elementor-widget-container\">\n\t\t\t\t\t\t\t<div class=\"elementor-shortcode\"><p>&nbsp;<\/p>\n<p><img fetchpriority=\"high\" decoding=\"async\" fetchpriority=\"high\" class=\"wp-image-324 aligncenter\" src=\"https:\/\/braumanufaktur.tu-dortmund.de\/wp-content\/uploads\/2018\/11\/LOGO.png\" alt=\"\" width=\"396\" height=\"396\" srcset=\"https:\/\/braumanufaktur.tu-dortmund.de\/wp-content\/uploads\/2018\/11\/LOGO.png 480w, https:\/\/braumanufaktur.tu-dortmund.de\/wp-content\/uploads\/2018\/11\/LOGO-150x150.png 150w, https:\/\/braumanufaktur.tu-dortmund.de\/wp-content\/uploads\/2018\/11\/LOGO-300x300.png 300w\" sizes=\"(max-width: 396px) 100vw, 396px\" \/><\/p>\n<p>&nbsp;<\/p>\n<p style=\"text-align: justify\">Unser Ziel war es, zum goldenen Jubil\u00e4um der BCI ein Bier zu entwerfen, das sowohl die Tradition der Stadt Dortmund und ihre Braukunst ber\u00fccksichtigt, sowie auch mit modernen Aromen den Gaumen anspricht.<br \/>\nAus diesen Gr\u00fcnden haben wir uns f\u00fcr ein vollmundiges, goldenes Pilsner entschieden. Daf\u00fcr haben wir nur Zutaten aus Deutschland verwendet. Pilsner- und Caramalze bilden den leichten K\u00f6rper und sorgen im Zusammenspiel mit der Hefe der DAB f\u00fcr einen weichen Antrunk. Mit 5,0 %Vol. Alkohol wird an das 50-j\u00e4hrige Bestehen der BCI gedacht. Die angenehme Bittere wird durch deutschen Hopfen der Sorte Magnum und Tettnanger erzeugt. Eine leichte Zitrusnote entsteht durch eine Aromahopfung mit der Sorte Saphir.<br \/>\nDas Zusammenspiel der Aromen sorgt f\u00fcr ein au\u00dfergew\u00f6hnliches Pilsner der Premiumklasse, das zu Recht den 1. Platz bei der internen Verk\u00f6stigung belegt hat.<\/p>\n<p>Biertyp: Pils<br \/>\nAlkoholgehalt: 5,0 vol.-%<br \/>\nBitterkeit: 33 IBU<br \/>\nFarbe: Gold<\/p>\n<\/div>\n\t\t\t\t\t\t<\/div>\n\t\t\t\t<\/div>\n\t\t\t\t\t<\/div>\n\t\t<\/div>\n\t\t\t\t\t<\/div>\n\t\t<\/section>\n\t\t\t\t<section class=\"elementor-section elementor-top-section elementor-element elementor-element-9db767e elementor-section-boxed elementor-section-height-default elementor-section-height-default\" data-id=\"9db767e\" data-element_type=\"section\" data-e-type=\"section\">\n\t\t\t\t\t\t<div class=\"elementor-container elementor-column-gap-default\">\n\t\t\t\t\t<div class=\"elementor-column elementor-col-100 elementor-top-column elementor-element elementor-element-3de7abb\" data-id=\"3de7abb\" data-element_type=\"column\" data-e-type=\"column\">\n\t\t\t<div class=\"elementor-widget-wrap elementor-element-populated\">\n\t\t\t\t\t\t<div class=\"elementor-element elementor-element-aa6ed84 elementor-widget elementor-widget-spacer\" data-id=\"aa6ed84\" data-element_type=\"widget\" data-e-type=\"widget\" data-widget_type=\"spacer.default\">\n\t\t\t\t<div class=\"elementor-widget-container\">\n\t\t\t\t\t\t\t<div class=\"elementor-spacer\">\n\t\t\t<div class=\"elementor-spacer-inner\"><\/div>\n\t\t<\/div>\n\t\t\t\t\t\t<\/div>\n\t\t\t\t<\/div>\n\t\t\t\t\t<\/div>\n\t\t<\/div>\n\t\t\t\t\t<\/div>\n\t\t<\/section>\n\t\t\t\t<section class=\"elementor-section elementor-top-section elementor-element elementor-element-7330670 elementor-section-content-middle elementor-section-boxed elementor-section-height-default elementor-section-height-default\" data-id=\"7330670\" data-element_type=\"section\" data-e-type=\"section\">\n\t\t\t\t\t\t<div class=\"elementor-container elementor-column-gap-default\">\n\t\t\t\t\t<div class=\"elementor-column elementor-col-100 elementor-top-column elementor-element elementor-element-3fea855\" data-id=\"3fea855\" data-element_type=\"column\" data-e-type=\"column\">\n\t\t\t<div class=\"elementor-widget-wrap elementor-element-populated\">\n\t\t\t\t\t\t<div class=\"elementor-element elementor-element-43bf43e elementor-widget elementor-widget-image-gallery\" data-id=\"43bf43e\" data-element_type=\"widget\" data-e-type=\"widget\" data-widget_type=\"image-gallery.default\">\n\t\t\t\t<div class=\"elementor-widget-container\">\n\t\t\t\t\t\t\t<div class=\"elementor-image-gallery\">\n\t\t\t\n\t\t<style type=\"text\/css\">\n\t\t\t#gallery-1 {\n\t\t\t\tmargin: auto;\n\t\t\t}\n\t\t\t#gallery-1 .gallery-item {\n\t\t\t\tfloat: left;\n\t\t\t\tmargin-top: 10px;\n\t\t\t\ttext-align: center;\n\t\t\t\twidth: 100%;\n\t\t\t}\n\t\t\t#gallery-1 img {\n\t\t\t\tborder: 2px solid #cfcfcf;\n\t\t\t}\n\t\t\t#gallery-1 .gallery-caption {\n\t\t\t\tmargin-left: 0;\n\t\t\t}\n\t\t\t\/* see gallery_shortcode() in wp-includes\/media.php *\/\n\t\t<\/style>\n\t\t<div id='gallery-1' class='gallery galleryid-283 gallery-columns-1 gallery-size-medium'><dl class='gallery-item'>\n\t\t\t<dt class='gallery-icon portrait'>\n\t\t\t\t<a data-elementor-open-lightbox=\"yes\" data-elementor-lightbox-slideshow=\"43bf43e\" data-elementor-lightbox-title=\"photo_2018-12-05_13-43-42\" data-e-action-hash=\"#elementor-action%3Aaction%3Dlightbox%26settings%3DeyJpZCI6NTgxLCJ1cmwiOiJodHRwczpcL1wvYnJhdW1hbnVmYWt0dXIudHUtZG9ydG11bmQuZGVcL3dwLWNvbnRlbnRcL3VwbG9hZHNcLzIwMThcLzEyXC9waG90b18yMDE4LTEyLTA1XzEzLTQzLTQyLmpwZyIsInNsaWRlc2hvdyI6IjQzYmY0M2UifQ%3D%3D\" href='https:\/\/braumanufaktur.tu-dortmund.de\/wp-content\/uploads\/2018\/12\/photo_2018-12-05_13-43-42.jpg'><img decoding=\"async\" width=\"225\" height=\"300\" src=\"https:\/\/braumanufaktur.tu-dortmund.de\/wp-content\/uploads\/2018\/12\/photo_2018-12-05_13-43-42-225x300.jpg\" class=\"attachment-medium size-medium\" alt=\"\" srcset=\"https:\/\/braumanufaktur.tu-dortmund.de\/wp-content\/uploads\/2018\/12\/photo_2018-12-05_13-43-42-225x300.jpg 225w, https:\/\/braumanufaktur.tu-dortmund.de\/wp-content\/uploads\/2018\/12\/photo_2018-12-05_13-43-42-508x677.jpg 508w, https:\/\/braumanufaktur.tu-dortmund.de\/wp-content\/uploads\/2018\/12\/photo_2018-12-05_13-43-42.jpg 750w\" sizes=\"(max-width: 225px) 100vw, 225px\" \/><\/a>\n\t\t\t<\/dt><\/dl><br style=\"clear: both\" \/>\n\t\t<\/div>\n\t\t<\/div>\n\t\t\t\t\t\t<\/div>\n\t\t\t\t<\/div>\n\t\t\t\t\t<\/div>\n\t\t<\/div>\n\t\t\t\t\t<\/div>\n\t\t<\/section>\n\t\t\t\t<section class=\"elementor-section elementor-top-section elementor-element elementor-element-88c5169 elementor-section-boxed elementor-section-height-default elementor-section-height-default\" data-id=\"88c5169\" data-element_type=\"section\" data-e-type=\"section\">\n\t\t\t\t\t\t<div class=\"elementor-container elementor-column-gap-default\">\n\t\t\t\t\t<div class=\"elementor-column elementor-col-100 elementor-top-column elementor-element elementor-element-5ebeb29\" data-id=\"5ebeb29\" data-element_type=\"column\" data-e-type=\"column\">\n\t\t\t<div class=\"elementor-widget-wrap elementor-element-populated\">\n\t\t\t\t\t\t<div class=\"elementor-element elementor-element-c9358c1 elementor-widget elementor-widget-spacer\" data-id=\"c9358c1\" data-element_type=\"widget\" data-e-type=\"widget\" data-widget_type=\"spacer.default\">\n\t\t\t\t<div class=\"elementor-widget-container\">\n\t\t\t\t\t\t\t<div class=\"elementor-spacer\">\n\t\t\t<div class=\"elementor-spacer-inner\"><\/div>\n\t\t<\/div>\n\t\t\t\t\t\t<\/div>\n\t\t\t\t<\/div>\n\t\t\t\t\t<\/div>\n\t\t<\/div>\n\t\t\t\t\t<\/div>\n\t\t<\/section>\n\t\t\t\t<\/div>\n\t\t","protected":false},"excerpt":{"rendered":"","protected":false},"author":1,"featured_media":0,"parent":99,"menu_order":0,"comment_status":"closed","ping_status":"closed","template":"","meta":{"_acf_changed":false,"footnotes":""},"class_list":["post-283","page","type-page","status-publish","hentry"],"acf":[],"_links":{"self":[{"href":"https:\/\/braumanufaktur.tu-dortmund.de\/index.php?rest_route=\/wp\/v2\/pages\/283","targetHints":{"allow":["GET"]}}],"collection":[{"href":"https:\/\/braumanufaktur.tu-dortmund.de\/index.php?rest_route=\/wp\/v2\/pages"}],"about":[{"href":"https:\/\/braumanufaktur.tu-dortmund.de\/index.php?rest_route=\/wp\/v2\/types\/page"}],"author":[{"embeddable":true,"href":"https:\/\/braumanufaktur.tu-dortmund.de\/index.php?rest_route=\/wp\/v2\/users\/1"}],"replies":[{"embeddable":true,"href":"https:\/\/braumanufaktur.tu-dortmund.de\/index.php?rest_route=%2Fwp%2Fv2%2Fcomments&post=283"}],"version-history":[{"count":23,"href":"https:\/\/braumanufaktur.tu-dortmund.de\/index.php?rest_route=\/wp\/v2\/pages\/283\/revisions"}],"predecessor-version":[{"id":1041,"href":"https:\/\/braumanufaktur.tu-dortmund.de\/index.php?rest_route=\/wp\/v2\/pages\/283\/revisions\/1041"}],"up":[{"embeddable":true,"href":"https:\/\/braumanufaktur.tu-dortmund.de\/index.php?rest_route=\/wp\/v2\/pages\/99"}],"wp:attachment":[{"href":"https:\/\/braumanufaktur.tu-dortmund.de\/index.php?rest_route=%2Fwp%2Fv2%2Fmedia&parent=283"}],"curies":[{"name":"wp","href":"https:\/\/api.w.org\/{rel}","templated":true}]}}