{"id":911,"date":"2018-08-21T21:08:49","date_gmt":"2018-08-21T21:08:49","guid":{"rendered":"http:\/\/braumanufaktur.tu-dortmund.de\/?page_id=911"},"modified":"2022-02-10T13:16:26","modified_gmt":"2022-02-10T13:16:26","slug":"gruppen-2020-3","status":"publish","type":"page","link":"https:\/\/braumanufaktur.tu-dortmund.de\/?page_id=911","title":{"rendered":"Gruppen 2020"},"content":{"rendered":"\t\t<div data-elementor-type=\"wp-post\" data-elementor-id=\"911\" class=\"elementor elementor-911\">\n\t\t\t\t\t\t<section class=\"elementor-section elementor-top-section elementor-element elementor-element-97aecc5 elementor-section-stretched elementor-section-boxed elementor-section-height-default elementor-section-height-default\" data-id=\"97aecc5\" data-element_type=\"section\" data-e-type=\"section\" data-settings=\"{&quot;stretch_section&quot;:&quot;section-stretched&quot;}\">\n\t\t\t\t\t\t<div class=\"elementor-container elementor-column-gap-default\">\n\t\t\t\t\t<div class=\"elementor-column elementor-col-33 elementor-top-column elementor-element elementor-element-58fc488\" data-id=\"58fc488\" data-element_type=\"column\" data-e-type=\"column\">\n\t\t\t<div class=\"elementor-widget-wrap elementor-element-populated\">\n\t\t\t\t\t\t<div class=\"elementor-element elementor-element-d5f0a3d elementor-widget elementor-widget-shortcode\" data-id=\"d5f0a3d\" data-element_type=\"widget\" data-e-type=\"widget\" data-widget_type=\"shortcode.default\">\n\t\t\t\t<div class=\"elementor-widget-container\">\n\t\t\t\t\t\t\t<div class=\"elementor-shortcode\"><h3 style=\"text-align: center\">Phoenix<\/h3>\n<h3><a href=\"https:\/\/braumanufaktur.tu-dortmund.de\/?page_id=1088\"><img fetchpriority=\"high\" decoding=\"async\" fetchpriority=\"high\" class=\"aligncenter\" src=\"https:\/\/braumanufaktur.tu-dortmund.de\/wp-content\/uploads\/2020\/12\/Phoenix.png\" alt=\"\" width=\"498\" height=\"448\" \/><\/a><\/h3>\n<p>&nbsp;<\/p>\n<p style=\"text-align: justify\">W\u00e4hrend oben in der H\u00fctte das Eisenerz unter gl\u00fchender Hitze zu Stahl verarbeitet wurde, f\u00fcllte gleichzeitig ein Arbeiter im Keller ein Bier ab, dass die gleiche Farbe wie die gl\u00fchende Schlacke der Hoch\u00f6fen besa\u00df.<\/p>\n<\/div>\n\t\t\t\t\t\t<\/div>\n\t\t\t\t<\/div>\n\t\t\t\t\t<\/div>\n\t\t<\/div>\n\t\t\t\t<div class=\"elementor-column elementor-col-33 elementor-top-column elementor-element elementor-element-16d24bd\" data-id=\"16d24bd\" data-element_type=\"column\" data-e-type=\"column\">\n\t\t\t<div class=\"elementor-widget-wrap elementor-element-populated\">\n\t\t\t\t\t\t<div class=\"elementor-element elementor-element-e80a955 elementor-widget elementor-widget-shortcode\" data-id=\"e80a955\" data-element_type=\"widget\" data-e-type=\"widget\" data-widget_type=\"shortcode.default\">\n\t\t\t\t<div class=\"elementor-widget-container\">\n\t\t\t\t\t\t\t<div class=\"elementor-shortcode\"><h3 style=\"text-align: center\">Golden Punch<\/h3>\n<h3><a href=\"https:\/\/braumanufaktur.tu-dortmund.de\/?page_id=1098\"><img loading=\"lazy\" decoding=\"async\" class=\"aligncenter\" src=\"https:\/\/braumanufaktur.tu-dortmund.de\/wp-content\/uploads\/2020\/12\/GP24.12.20.png\" alt=\"\" width=\"498\" height=\"448\" \/><\/a><\/h3>\n<p>&nbsp;<\/p>\n<p style=\"text-align: justify\">Golden Punch \u2013 das Bier f\u00fcr taffe Frauen und echte M\u00e4nner, bei dem der herbe Geschmack von einer leicht fruchtigen Note begleitet wird, verleiht Dir den richtigen Kick auch in harten Zeiten nicht zu verlieren. Let\u2019s get ready to drink!<\/p>\n<\/div>\n\t\t\t\t\t\t<\/div>\n\t\t\t\t<\/div>\n\t\t\t\t\t<\/div>\n\t\t<\/div>\n\t\t\t\t<div class=\"elementor-column elementor-col-33 elementor-top-column elementor-element elementor-element-a8fdd1c\" data-id=\"a8fdd1c\" data-element_type=\"column\" data-e-type=\"column\">\n\t\t\t<div class=\"elementor-widget-wrap elementor-element-populated\">\n\t\t\t\t\t\t<div class=\"elementor-element elementor-element-89975c0 elementor-widget elementor-widget-shortcode\" data-id=\"89975c0\" data-element_type=\"widget\" data-e-type=\"widget\" data-widget_type=\"shortcode.default\">\n\t\t\t\t<div class=\"elementor-widget-container\">\n\t\t\t\t\t\t\t<div class=\"elementor-shortcode\"><h3 style=\"text-align: center\">Tuff<\/h3>\n<h3><a href=\"https:\/\/braumanufaktur.tu-dortmund.de\/?page_id=1105\"><img loading=\"lazy\" decoding=\"async\" class=\"aligncenter\" src=\"https:\/\/braumanufaktur.tu-dortmund.de\/wp-content\/uploads\/2020\/12\/Tuff-24.12.20.png\" alt=\"\" width=\"498\" height=\"448\" \/><\/a><\/h3>\n<p>&nbsp;<\/p>\n<p style=\"text-align: justify\">Unter h\u00e4rtesten Bedingungen gebraut l\u00e4sst Tuff Beer Sommerweizen auch im dunklen Winter die Sonne scheinen. Mit seiner leichten Frucht- und Zitrusnote will es jedem der es trinkt, ein wenig Biergarten zur\u00fcck bringen.<\/p>\n<\/div>\n\t\t\t\t\t\t<\/div>\n\t\t\t\t<\/div>\n\t\t\t\t\t<\/div>\n\t\t<\/div>\n\t\t\t\t\t<\/div>\n\t\t<\/section>\n\t\t\t\t<\/div>\n\t\t","protected":false},"excerpt":{"rendered":"","protected":false},"author":1,"featured_media":0,"parent":0,"menu_order":1,"comment_status":"closed","ping_status":"closed","template":"","meta":{"_acf_changed":false,"footnotes":""},"class_list":["post-911","page","type-page","status-publish","hentry"],"acf":[],"_links":{"self":[{"href":"https:\/\/braumanufaktur.tu-dortmund.de\/index.php?rest_route=\/wp\/v2\/pages\/911","targetHints":{"allow":["GET"]}}],"collection":[{"href":"https:\/\/braumanufaktur.tu-dortmund.de\/index.php?rest_route=\/wp\/v2\/pages"}],"about":[{"href":"https:\/\/braumanufaktur.tu-dortmund.de\/index.php?rest_route=\/wp\/v2\/types\/page"}],"author":[{"embeddable":true,"href":"https:\/\/braumanufaktur.tu-dortmund.de\/index.php?rest_route=\/wp\/v2\/users\/1"}],"replies":[{"embeddable":true,"href":"https:\/\/braumanufaktur.tu-dortmund.de\/index.php?rest_route=%2Fwp%2Fv2%2Fcomments&post=911"}],"version-history":[{"count":65,"href":"https:\/\/braumanufaktur.tu-dortmund.de\/index.php?rest_route=\/wp\/v2\/pages\/911\/revisions"}],"predecessor-version":[{"id":1526,"href":"https:\/\/braumanufaktur.tu-dortmund.de\/index.php?rest_route=\/wp\/v2\/pages\/911\/revisions\/1526"}],"wp:attachment":[{"href":"https:\/\/braumanufaktur.tu-dortmund.de\/index.php?rest_route=%2Fwp%2Fv2%2Fmedia&parent=911"}],"curies":[{"name":"wp","href":"https:\/\/api.w.org\/{rel}","templated":true}]}}